{"id":3512,"date":"2022-02-10T18:00:00","date_gmt":"2022-02-10T17:00:00","guid":{"rendered":"https:\/\/www.mmpwebtv.eu\/?post_type=portfolio&#038;p=3512"},"modified":"2022-02-10T17:17:20","modified_gmt":"2022-02-10T16:17:20","slug":"programmazione-sala-san-luigi","status":"publish","type":"portfolio","link":"http:\/\/www.mmpwebtv.eu\/index.php\/portfolio-item\/programmazione-sala-san-luigi\/","title":{"rendered":"Programmazione Sala San Luigi"},"content":{"rendered":"","protected":false},"featured_media":3513,"template":"","portfolio_category":[1041,1047,1046],"portfolio_tag":[1393,1826,1150,2151,2150,1358,1255],"yoast_head":"<!-- This site is optimized with the Yoast SEO plugin v17.9 - https:\/\/yoast.com\/wordpress\/plugins\/seo\/ -->\n<title>Programmazione Sala San Luigi &bull; TG Campus &bull; MMP Web TV<\/title>\n<meta name=\"description\" content=\"La Sala San Luigi \u00e8 un piccolo cinema e teatro del centro storico di Forl\u00ec, con una programmazione sempre pi\u00f9 vicina a giovani universitari.\" \/>\n<meta name=\"robots\" content=\"index, follow, max-snippet:-1, max-image-preview:large, max-video-preview:-1\" \/>\n<link rel=\"canonical\" href=\"http:\/\/www.mmpwebtv.eu\/index.php\/portfolio-item\/programmazione-sala-san-luigi\/\" \/>\n<meta property=\"og:locale\" content=\"it_IT\" \/>\n<meta property=\"og:type\" content=\"article\" \/>\n<meta property=\"og:title\" content=\"Programmazione Sala San Luigi &bull; TG Campus &bull; MMP Web TV\" \/>\n<meta property=\"og:description\" content=\"La Sala San Luigi \u00e8 un piccolo cinema e teatro del centro storico di Forl\u00ec, con una programmazione sempre pi\u00f9 vicina a giovani universitari.\" \/>\n<meta property=\"og:url\" content=\"http:\/\/www.mmpwebtv.eu\/index.php\/portfolio-item\/programmazione-sala-san-luigi\/\" \/>\n<meta property=\"og:site_name\" content=\"MMP Web TV\" \/>\n<meta property=\"article:publisher\" content=\"https:\/\/www.facebook.com\/mmpwebtv\/\" \/>\n<meta property=\"article:modified_time\" content=\"2022-02-10T16:17:20+00:00\" \/>\n<meta property=\"og:image\" content=\"http:\/\/www.mmpwebtv.eu\/wp-content\/uploads\/2022\/02\/Fb-sito-3-1024x601.png\" \/>\n\t<meta property=\"og:image:width\" content=\"1024\" \/>\n\t<meta property=\"og:image:height\" content=\"601\" \/>\n\t<meta property=\"og:image:type\" content=\"image\/png\" \/>\n<meta name=\"twitter:card\" content=\"summary_large_image\" \/>\n<script type=\"application\/ld+json\" class=\"yoast-schema-graph\">{\"@context\":\"https:\/\/schema.org\",\"@graph\":[{\"@type\":\"Organization\",\"@id\":\"https:\/\/www.mmpwebtv.eu\/#organization\",\"name\":\"MMP WebTV\",\"url\":\"https:\/\/www.mmpwebtv.eu\/\",\"sameAs\":[\"https:\/\/www.facebook.com\/mmpwebtv\/\",\"https:\/\/www.instagram.com\/mmpwebtv\/\"],\"logo\":{\"@type\":\"ImageObject\",\"@id\":\"https:\/\/www.mmpwebtv.eu\/#logo\",\"inLanguage\":\"it-IT\",\"url\":\"https:\/\/www.mmpwebtv.eu\/wp-content\/uploads\/2017\/04\/Logo-MMP-WebTv-02.png\",\"contentUrl\":\"https:\/\/www.mmpwebtv.eu\/wp-content\/uploads\/2017\/04\/Logo-MMP-WebTv-02.png\",\"width\":8000,\"height\":4500,\"caption\":\"MMP WebTV\"},\"image\":{\"@id\":\"https:\/\/www.mmpwebtv.eu\/#logo\"}},{\"@type\":\"WebSite\",\"@id\":\"https:\/\/www.mmpwebtv.eu\/#website\",\"url\":\"https:\/\/www.mmpwebtv.eu\/\",\"name\":\"MMP Web TV\",\"description\":\"La Web TV del Campus di Forl\\u00ec\",\"publisher\":{\"@id\":\"https:\/\/www.mmpwebtv.eu\/#organization\"},\"potentialAction\":[{\"@type\":\"SearchAction\",\"target\":{\"@type\":\"EntryPoint\",\"urlTemplate\":\"https:\/\/www.mmpwebtv.eu\/?s={search_term_string}\"},\"query-input\":\"required name=search_term_string\"}],\"inLanguage\":\"it-IT\"},{\"@type\":\"ImageObject\",\"@id\":\"http:\/\/www.mmpwebtv.eu\/index.php\/portfolio-item\/programmazione-sala-san-luigi\/#primaryimage\",\"inLanguage\":\"it-IT\",\"url\":\"http:\/\/www.mmpwebtv.eu\/wp-content\/uploads\/2022\/02\/Fb-sito-3.png\",\"contentUrl\":\"http:\/\/www.mmpwebtv.eu\/wp-content\/uploads\/2022\/02\/Fb-sito-3.png\",\"width\":1988,\"height\":1167},{\"@type\":\"WebPage\",\"@id\":\"http:\/\/www.mmpwebtv.eu\/index.php\/portfolio-item\/programmazione-sala-san-luigi\/#webpage\",\"url\":\"http:\/\/www.mmpwebtv.eu\/index.php\/portfolio-item\/programmazione-sala-san-luigi\/\",\"name\":\"Programmazione Sala San Luigi &bull; TG Campus &bull; MMP Web TV\",\"isPartOf\":{\"@id\":\"https:\/\/www.mmpwebtv.eu\/#website\"},\"primaryImageOfPage\":{\"@id\":\"http:\/\/www.mmpwebtv.eu\/index.php\/portfolio-item\/programmazione-sala-san-luigi\/#primaryimage\"},\"datePublished\":\"2022-02-10T17:00:00+00:00\",\"dateModified\":\"2022-02-10T16:17:20+00:00\",\"description\":\"La Sala San Luigi \\u00e8 un piccolo cinema e teatro del centro storico di Forl\\u00ec, con una programmazione sempre pi\\u00f9 vicina a giovani universitari.\",\"breadcrumb\":{\"@id\":\"http:\/\/www.mmpwebtv.eu\/index.php\/portfolio-item\/programmazione-sala-san-luigi\/#breadcrumb\"},\"inLanguage\":\"it-IT\",\"potentialAction\":[{\"@type\":\"ReadAction\",\"target\":[\"http:\/\/www.mmpwebtv.eu\/index.php\/portfolio-item\/programmazione-sala-san-luigi\/\"]}]},{\"@type\":\"BreadcrumbList\",\"@id\":\"http:\/\/www.mmpwebtv.eu\/index.php\/portfolio-item\/programmazione-sala-san-luigi\/#breadcrumb\",\"itemListElement\":[{\"@type\":\"ListItem\",\"position\":1,\"name\":\"Home\",\"item\":\"https:\/\/www.mmpwebtv.eu\/\"},{\"@type\":\"ListItem\",\"position\":2,\"name\":\"Programmazione Sala San Luigi\"}]}]}<\/script>\n<!-- \/ Yoast SEO plugin. -->","yoast_head_json":{"title":"Programmazione Sala San Luigi &bull; TG Campus &bull; MMP Web TV","description":"La Sala San Luigi \u00e8 un piccolo cinema e teatro del centro storico di Forl\u00ec, con una programmazione sempre pi\u00f9 vicina a giovani universitari.","robots":{"index":"index","follow":"follow","max-snippet":"max-snippet:-1","max-image-preview":"max-image-preview:large","max-video-preview":"max-video-preview:-1"},"canonical":"http:\/\/www.mmpwebtv.eu\/index.php\/portfolio-item\/programmazione-sala-san-luigi\/","og_locale":"it_IT","og_type":"article","og_title":"Programmazione Sala San Luigi &bull; TG Campus &bull; MMP Web TV","og_description":"La Sala San Luigi \u00e8 un piccolo cinema e teatro del centro storico di Forl\u00ec, con una programmazione sempre pi\u00f9 vicina a giovani universitari.","og_url":"http:\/\/www.mmpwebtv.eu\/index.php\/portfolio-item\/programmazione-sala-san-luigi\/","og_site_name":"MMP Web TV","article_publisher":"https:\/\/www.facebook.com\/mmpwebtv\/","article_modified_time":"2022-02-10T16:17:20+00:00","og_image":[{"width":1024,"height":601,"url":"http:\/\/www.mmpwebtv.eu\/wp-content\/uploads\/2022\/02\/Fb-sito-3-1024x601.png","type":"image\/png"}],"twitter_card":"summary_large_image","schema":{"@context":"https:\/\/schema.org","@graph":[{"@type":"Organization","@id":"https:\/\/www.mmpwebtv.eu\/#organization","name":"MMP WebTV","url":"https:\/\/www.mmpwebtv.eu\/","sameAs":["https:\/\/www.facebook.com\/mmpwebtv\/","https:\/\/www.instagram.com\/mmpwebtv\/"],"logo":{"@type":"ImageObject","@id":"https:\/\/www.mmpwebtv.eu\/#logo","inLanguage":"it-IT","url":"https:\/\/www.mmpwebtv.eu\/wp-content\/uploads\/2017\/04\/Logo-MMP-WebTv-02.png","contentUrl":"https:\/\/www.mmpwebtv.eu\/wp-content\/uploads\/2017\/04\/Logo-MMP-WebTv-02.png","width":8000,"height":4500,"caption":"MMP WebTV"},"image":{"@id":"https:\/\/www.mmpwebtv.eu\/#logo"}},{"@type":"WebSite","@id":"https:\/\/www.mmpwebtv.eu\/#website","url":"https:\/\/www.mmpwebtv.eu\/","name":"MMP Web TV","description":"La Web TV del Campus di Forl\u00ec","publisher":{"@id":"https:\/\/www.mmpwebtv.eu\/#organization"},"potentialAction":[{"@type":"SearchAction","target":{"@type":"EntryPoint","urlTemplate":"https:\/\/www.mmpwebtv.eu\/?s={search_term_string}"},"query-input":"required name=search_term_string"}],"inLanguage":"it-IT"},{"@type":"ImageObject","@id":"http:\/\/www.mmpwebtv.eu\/index.php\/portfolio-item\/programmazione-sala-san-luigi\/#primaryimage","inLanguage":"it-IT","url":"http:\/\/www.mmpwebtv.eu\/wp-content\/uploads\/2022\/02\/Fb-sito-3.png","contentUrl":"http:\/\/www.mmpwebtv.eu\/wp-content\/uploads\/2022\/02\/Fb-sito-3.png","width":1988,"height":1167},{"@type":"WebPage","@id":"http:\/\/www.mmpwebtv.eu\/index.php\/portfolio-item\/programmazione-sala-san-luigi\/#webpage","url":"http:\/\/www.mmpwebtv.eu\/index.php\/portfolio-item\/programmazione-sala-san-luigi\/","name":"Programmazione Sala San Luigi &bull; TG Campus &bull; MMP Web TV","isPartOf":{"@id":"https:\/\/www.mmpwebtv.eu\/#website"},"primaryImageOfPage":{"@id":"http:\/\/www.mmpwebtv.eu\/index.php\/portfolio-item\/programmazione-sala-san-luigi\/#primaryimage"},"datePublished":"2022-02-10T17:00:00+00:00","dateModified":"2022-02-10T16:17:20+00:00","description":"La Sala San Luigi \u00e8 un piccolo cinema e teatro del centro storico di Forl\u00ec, con una programmazione sempre pi\u00f9 vicina a giovani universitari.","breadcrumb":{"@id":"http:\/\/www.mmpwebtv.eu\/index.php\/portfolio-item\/programmazione-sala-san-luigi\/#breadcrumb"},"inLanguage":"it-IT","potentialAction":[{"@type":"ReadAction","target":["http:\/\/www.mmpwebtv.eu\/index.php\/portfolio-item\/programmazione-sala-san-luigi\/"]}]},{"@type":"BreadcrumbList","@id":"http:\/\/www.mmpwebtv.eu\/index.php\/portfolio-item\/programmazione-sala-san-luigi\/#breadcrumb","itemListElement":[{"@type":"ListItem","position":1,"name":"Home","item":"https:\/\/www.mmpwebtv.eu\/"},{"@type":"ListItem","position":2,"name":"Programmazione Sala San Luigi"}]}]}},"_links":{"self":[{"href":"http:\/\/www.mmpwebtv.eu\/index.php\/wp-json\/wp\/v2\/portfolio\/3512"}],"collection":[{"href":"http:\/\/www.mmpwebtv.eu\/index.php\/wp-json\/wp\/v2\/portfolio"}],"about":[{"href":"http:\/\/www.mmpwebtv.eu\/index.php\/wp-json\/wp\/v2\/types\/portfolio"}],"version-history":[{"count":1,"href":"http:\/\/www.mmpwebtv.eu\/index.php\/wp-json\/wp\/v2\/portfolio\/3512\/revisions"}],"predecessor-version":[{"id":3514,"href":"http:\/\/www.mmpwebtv.eu\/index.php\/wp-json\/wp\/v2\/portfolio\/3512\/revisions\/3514"}],"wp:featuredmedia":[{"embeddable":true,"href":"http:\/\/www.mmpwebtv.eu\/index.php\/wp-json\/wp\/v2\/media\/3513"}],"wp:attachment":[{"href":"http:\/\/www.mmpwebtv.eu\/index.php\/wp-json\/wp\/v2\/media?parent=3512"}],"wp:term":[{"taxonomy":"portfolio_category","embeddable":true,"href":"http:\/\/www.mmpwebtv.eu\/index.php\/wp-json\/wp\/v2\/portfolio_category?post=3512"},{"taxonomy":"portfolio_tag","embeddable":true,"href":"http:\/\/www.mmpwebtv.eu\/index.php\/wp-json\/wp\/v2\/portfolio_tag?post=3512"}],"curies":[{"name":"wp","href":"https:\/\/api.w.org\/{rel}","templated":true}]}}

<!-- This site is optimized with the Yoast SEO plugin v17.9 - https://yoast.com/wordpress/plugins/seo/ -->
<title>Programmazione Sala San Luigi &bull; TG Campus &bull; MMP Web TV</title>
<meta name="description" content="La Sala San Luigi è un piccolo cinema e teatro del centro storico di Forlì, con una programmazione sempre più vicina a giovani universitari." />
<meta name="robots" content="index, follow, max-snippet:-1, max-image-preview:large, max-video-preview:-1" />
<link rel="canonical" href="http://www.mmpwebtv.eu/index.php/portfolio-item/programmazione-sala-san-luigi/" />
<meta property="og:locale" content="it_IT" />
<meta property="og:type" content="article" />
<meta property="og:title" content="Programmazione Sala San Luigi &bull; TG Campus &bull; MMP Web TV" />
<meta property="og:description" content="La Sala San Luigi è un piccolo cinema e teatro del centro storico di Forlì, con una programmazione sempre più vicina a giovani universitari." />
<meta property="og:url" content="http://www.mmpwebtv.eu/index.php/portfolio-item/programmazione-sala-san-luigi/" />
<meta property="og:site_name" content="MMP Web TV" />
<meta property="article:publisher" content="https://www.facebook.com/mmpwebtv/" />
<meta property="article:modified_time" content="2022-02-10T16:17:20+00:00" />
<meta property="og:image" content="http://www.mmpwebtv.eu/wp-content/uploads/2022/02/Fb-sito-3-1024x601.png" />
	<meta property="og:image:width" content="1024" />
	<meta property="og:image:height" content="601" />
	<meta property="og:image:type" content="image/png" />
<meta name="twitter:card" content="summary_large_image" />
<script type="application/ld+json" class="yoast-schema-graph">{"@context":"https://schema.org","@graph":[{"@type":"Organization","@id":"https://www.mmpwebtv.eu/#organization","name":"MMP WebTV","url":"https://www.mmpwebtv.eu/","sameAs":["https://www.facebook.com/mmpwebtv/","https://www.instagram.com/mmpwebtv/"],"logo":{"@type":"ImageObject","@id":"https://www.mmpwebtv.eu/#logo","inLanguage":"it-IT","url":"https://www.mmpwebtv.eu/wp-content/uploads/2017/04/Logo-MMP-WebTv-02.png","contentUrl":"https://www.mmpwebtv.eu/wp-content/uploads/2017/04/Logo-MMP-WebTv-02.png","width":8000,"height":4500,"caption":"MMP WebTV"},"image":{"@id":"https://www.mmpwebtv.eu/#logo"}},{"@type":"WebSite","@id":"https://www.mmpwebtv.eu/#website","url":"https://www.mmpwebtv.eu/","name":"MMP Web TV","description":"La Web TV del Campus di Forl\u00ec","publisher":{"@id":"https://www.mmpwebtv.eu/#organization"},"potentialAction":[{"@type":"SearchAction","target":{"@type":"EntryPoint","urlTemplate":"https://www.mmpwebtv.eu/?s={search_term_string}"},"query-input":"required name=search_term_string"}],"inLanguage":"it-IT"},{"@type":"ImageObject","@id":"http://www.mmpwebtv.eu/index.php/portfolio-item/programmazione-sala-san-luigi/#primaryimage","inLanguage":"it-IT","url":"http://www.mmpwebtv.eu/wp-content/uploads/2022/02/Fb-sito-3.png","contentUrl":"http://www.mmpwebtv.eu/wp-content/uploads/2022/02/Fb-sito-3.png","width":1988,"height":1167},{"@type":"WebPage","@id":"http://www.mmpwebtv.eu/index.php/portfolio-item/programmazione-sala-san-luigi/#webpage","url":"http://www.mmpwebtv.eu/index.php/portfolio-item/programmazione-sala-san-luigi/","name":"Programmazione Sala San Luigi &bull; TG Campus &bull; MMP Web TV","isPartOf":{"@id":"https://www.mmpwebtv.eu/#website"},"primaryImageOfPage":{"@id":"http://www.mmpwebtv.eu/index.php/portfolio-item/programmazione-sala-san-luigi/#primaryimage"},"datePublished":"2022-02-10T17:00:00+00:00","dateModified":"2022-02-10T16:17:20+00:00","description":"La Sala San Luigi \u00e8 un piccolo cinema e teatro del centro storico di Forl\u00ec, con una programmazione sempre pi\u00f9 vicina a giovani universitari.","breadcrumb":{"@id":"http://www.mmpwebtv.eu/index.php/portfolio-item/programmazione-sala-san-luigi/#breadcrumb"},"inLanguage":"it-IT","potentialAction":[{"@type":"ReadAction","target":["http://www.mmpwebtv.eu/index.php/portfolio-item/programmazione-sala-san-luigi/"]}]},{"@type":"BreadcrumbList","@id":"http://www.mmpwebtv.eu/index.php/portfolio-item/programmazione-sala-san-luigi/#breadcrumb","itemListElement":[{"@type":"ListItem","position":1,"name":"Home","item":"https://www.mmpwebtv.eu/"},{"@type":"ListItem","position":2,"name":"Programmazione Sala San Luigi"}]}]}</script>
<!-- / Yoast SEO plugin. -->

La Sala San Luigi è un piccolo cinema e teatro del centro storico di Forlì, con una programmazione sempre più vicina a giovani universitari.

La Web TV del Campus di Forlì
