{"id":4142,"date":"2024-02-26T17:34:48","date_gmt":"2024-02-26T16:34:48","guid":{"rendered":"https:\/\/www.mmpwebtv.eu\/?post_type=portfolio&#038;p=4142"},"modified":"2024-02-26T17:35:18","modified_gmt":"2024-02-26T16:35:18","slug":"welcome-day-erasmus","status":"publish","type":"portfolio","link":"http:\/\/www.mmpwebtv.eu\/index.php\/portfolio-item\/welcome-day-erasmus\/","title":{"rendered":"Welcome Day Erasmus"},"content":{"rendered":"","protected":false},"featured_media":4143,"template":"","portfolio_category":[1161,1046,1042],"portfolio_tag":[1099,1845,1825,1255,2652,1252,2653],"yoast_head":"<!-- This site is optimized with the Yoast SEO plugin v17.9 - https:\/\/yoast.com\/wordpress\/plugins\/seo\/ -->\n<title>Welcome Day Erasmus &bull; TG Campus &bull; MMP Web TV<\/title>\n<meta name=\"description\" content=\"Gioved\u00ec 15 febbraio al Campus di Forl\u00ec, l&#039;Universit\u00e0 di Bologna ha organizzato un Welcome Day per accogliere gli studenti internazionali.\" \/>\n<meta name=\"robots\" content=\"index, follow, max-snippet:-1, max-image-preview:large, max-video-preview:-1\" \/>\n<link rel=\"canonical\" href=\"http:\/\/www.mmpwebtv.eu\/index.php\/portfolio-item\/welcome-day-erasmus\/\" \/>\n<meta property=\"og:locale\" content=\"it_IT\" \/>\n<meta property=\"og:type\" content=\"article\" \/>\n<meta property=\"og:title\" content=\"Welcome Day Erasmus &bull; TG Campus &bull; MMP Web TV\" \/>\n<meta property=\"og:description\" content=\"Gioved\u00ec 15 febbraio al Campus di Forl\u00ec, l&#039;Universit\u00e0 di Bologna ha organizzato un Welcome Day per accogliere gli studenti internazionali.\" \/>\n<meta property=\"og:url\" content=\"http:\/\/www.mmpwebtv.eu\/index.php\/portfolio-item\/welcome-day-erasmus\/\" \/>\n<meta property=\"og:site_name\" content=\"MMP Web TV\" \/>\n<meta property=\"article:publisher\" content=\"https:\/\/www.facebook.com\/mmpwebtv\/\" \/>\n<meta property=\"article:modified_time\" content=\"2024-02-26T16:35:18+00:00\" \/>\n<meta property=\"og:image\" content=\"http:\/\/www.mmpwebtv.eu\/wp-content\/uploads\/2024\/02\/FB-e-sito-TGC-Erasmus-scaled.jpeg\" \/>\n\t<meta property=\"og:image:width\" content=\"2560\" \/>\n\t<meta property=\"og:image:height\" content=\"1502\" \/>\n\t<meta property=\"og:image:type\" content=\"image\/jpeg\" \/>\n<meta name=\"twitter:card\" content=\"summary_large_image\" \/>\n<script type=\"application\/ld+json\" class=\"yoast-schema-graph\">{\"@context\":\"https:\/\/schema.org\",\"@graph\":[{\"@type\":\"Organization\",\"@id\":\"https:\/\/www.mmpwebtv.eu\/#organization\",\"name\":\"MMP WebTV\",\"url\":\"https:\/\/www.mmpwebtv.eu\/\",\"sameAs\":[\"https:\/\/www.facebook.com\/mmpwebtv\/\",\"https:\/\/www.instagram.com\/mmpwebtv\/\"],\"logo\":{\"@type\":\"ImageObject\",\"@id\":\"https:\/\/www.mmpwebtv.eu\/#logo\",\"inLanguage\":\"it-IT\",\"url\":\"https:\/\/www.mmpwebtv.eu\/wp-content\/uploads\/2017\/04\/Logo-MMP-WebTv-02.png\",\"contentUrl\":\"https:\/\/www.mmpwebtv.eu\/wp-content\/uploads\/2017\/04\/Logo-MMP-WebTv-02.png\",\"width\":8000,\"height\":4500,\"caption\":\"MMP WebTV\"},\"image\":{\"@id\":\"https:\/\/www.mmpwebtv.eu\/#logo\"}},{\"@type\":\"WebSite\",\"@id\":\"https:\/\/www.mmpwebtv.eu\/#website\",\"url\":\"https:\/\/www.mmpwebtv.eu\/\",\"name\":\"MMP Web TV\",\"description\":\"La Web TV del Campus di Forl\\u00ec\",\"publisher\":{\"@id\":\"https:\/\/www.mmpwebtv.eu\/#organization\"},\"potentialAction\":[{\"@type\":\"SearchAction\",\"target\":{\"@type\":\"EntryPoint\",\"urlTemplate\":\"https:\/\/www.mmpwebtv.eu\/?s={search_term_string}\"},\"query-input\":\"required name=search_term_string\"}],\"inLanguage\":\"it-IT\"},{\"@type\":\"ImageObject\",\"@id\":\"http:\/\/www.mmpwebtv.eu\/index.php\/portfolio-item\/welcome-day-erasmus\/#primaryimage\",\"inLanguage\":\"it-IT\",\"url\":\"http:\/\/www.mmpwebtv.eu\/wp-content\/uploads\/2024\/02\/FB-e-sito-TGC-Erasmus-scaled.jpeg\",\"contentUrl\":\"http:\/\/www.mmpwebtv.eu\/wp-content\/uploads\/2024\/02\/FB-e-sito-TGC-Erasmus-scaled.jpeg\",\"width\":2560,\"height\":1502},{\"@type\":\"WebPage\",\"@id\":\"http:\/\/www.mmpwebtv.eu\/index.php\/portfolio-item\/welcome-day-erasmus\/#webpage\",\"url\":\"http:\/\/www.mmpwebtv.eu\/index.php\/portfolio-item\/welcome-day-erasmus\/\",\"name\":\"Welcome Day Erasmus &bull; TG Campus &bull; MMP Web TV\",\"isPartOf\":{\"@id\":\"https:\/\/www.mmpwebtv.eu\/#website\"},\"primaryImageOfPage\":{\"@id\":\"http:\/\/www.mmpwebtv.eu\/index.php\/portfolio-item\/welcome-day-erasmus\/#primaryimage\"},\"datePublished\":\"2024-02-26T16:34:48+00:00\",\"dateModified\":\"2024-02-26T16:35:18+00:00\",\"description\":\"Gioved\\u00ec 15 febbraio al Campus di Forl\\u00ec, l'Universit\\u00e0 di Bologna ha organizzato un Welcome Day per accogliere gli studenti internazionali.\",\"breadcrumb\":{\"@id\":\"http:\/\/www.mmpwebtv.eu\/index.php\/portfolio-item\/welcome-day-erasmus\/#breadcrumb\"},\"inLanguage\":\"it-IT\",\"potentialAction\":[{\"@type\":\"ReadAction\",\"target\":[\"http:\/\/www.mmpwebtv.eu\/index.php\/portfolio-item\/welcome-day-erasmus\/\"]}]},{\"@type\":\"BreadcrumbList\",\"@id\":\"http:\/\/www.mmpwebtv.eu\/index.php\/portfolio-item\/welcome-day-erasmus\/#breadcrumb\",\"itemListElement\":[{\"@type\":\"ListItem\",\"position\":1,\"name\":\"Home\",\"item\":\"https:\/\/www.mmpwebtv.eu\/\"},{\"@type\":\"ListItem\",\"position\":2,\"name\":\"Welcome Day Erasmus\"}]}]}<\/script>\n<!-- \/ Yoast SEO plugin. -->","yoast_head_json":{"title":"Welcome Day Erasmus &bull; TG Campus &bull; MMP Web TV","description":"Gioved\u00ec 15 febbraio al Campus di Forl\u00ec, l'Universit\u00e0 di Bologna ha organizzato un Welcome Day per accogliere gli studenti internazionali.","robots":{"index":"index","follow":"follow","max-snippet":"max-snippet:-1","max-image-preview":"max-image-preview:large","max-video-preview":"max-video-preview:-1"},"canonical":"http:\/\/www.mmpwebtv.eu\/index.php\/portfolio-item\/welcome-day-erasmus\/","og_locale":"it_IT","og_type":"article","og_title":"Welcome Day Erasmus &bull; TG Campus &bull; MMP Web TV","og_description":"Gioved\u00ec 15 febbraio al Campus di Forl\u00ec, l'Universit\u00e0 di Bologna ha organizzato un Welcome Day per accogliere gli studenti internazionali.","og_url":"http:\/\/www.mmpwebtv.eu\/index.php\/portfolio-item\/welcome-day-erasmus\/","og_site_name":"MMP Web TV","article_publisher":"https:\/\/www.facebook.com\/mmpwebtv\/","article_modified_time":"2024-02-26T16:35:18+00:00","og_image":[{"width":2560,"height":1502,"url":"http:\/\/www.mmpwebtv.eu\/wp-content\/uploads\/2024\/02\/FB-e-sito-TGC-Erasmus-scaled.jpeg","type":"image\/jpeg"}],"twitter_card":"summary_large_image","schema":{"@context":"https:\/\/schema.org","@graph":[{"@type":"Organization","@id":"https:\/\/www.mmpwebtv.eu\/#organization","name":"MMP WebTV","url":"https:\/\/www.mmpwebtv.eu\/","sameAs":["https:\/\/www.facebook.com\/mmpwebtv\/","https:\/\/www.instagram.com\/mmpwebtv\/"],"logo":{"@type":"ImageObject","@id":"https:\/\/www.mmpwebtv.eu\/#logo","inLanguage":"it-IT","url":"https:\/\/www.mmpwebtv.eu\/wp-content\/uploads\/2017\/04\/Logo-MMP-WebTv-02.png","contentUrl":"https:\/\/www.mmpwebtv.eu\/wp-content\/uploads\/2017\/04\/Logo-MMP-WebTv-02.png","width":8000,"height":4500,"caption":"MMP WebTV"},"image":{"@id":"https:\/\/www.mmpwebtv.eu\/#logo"}},{"@type":"WebSite","@id":"https:\/\/www.mmpwebtv.eu\/#website","url":"https:\/\/www.mmpwebtv.eu\/","name":"MMP Web TV","description":"La Web TV del Campus di Forl\u00ec","publisher":{"@id":"https:\/\/www.mmpwebtv.eu\/#organization"},"potentialAction":[{"@type":"SearchAction","target":{"@type":"EntryPoint","urlTemplate":"https:\/\/www.mmpwebtv.eu\/?s={search_term_string}"},"query-input":"required name=search_term_string"}],"inLanguage":"it-IT"},{"@type":"ImageObject","@id":"http:\/\/www.mmpwebtv.eu\/index.php\/portfolio-item\/welcome-day-erasmus\/#primaryimage","inLanguage":"it-IT","url":"http:\/\/www.mmpwebtv.eu\/wp-content\/uploads\/2024\/02\/FB-e-sito-TGC-Erasmus-scaled.jpeg","contentUrl":"http:\/\/www.mmpwebtv.eu\/wp-content\/uploads\/2024\/02\/FB-e-sito-TGC-Erasmus-scaled.jpeg","width":2560,"height":1502},{"@type":"WebPage","@id":"http:\/\/www.mmpwebtv.eu\/index.php\/portfolio-item\/welcome-day-erasmus\/#webpage","url":"http:\/\/www.mmpwebtv.eu\/index.php\/portfolio-item\/welcome-day-erasmus\/","name":"Welcome Day Erasmus &bull; TG Campus &bull; MMP Web TV","isPartOf":{"@id":"https:\/\/www.mmpwebtv.eu\/#website"},"primaryImageOfPage":{"@id":"http:\/\/www.mmpwebtv.eu\/index.php\/portfolio-item\/welcome-day-erasmus\/#primaryimage"},"datePublished":"2024-02-26T16:34:48+00:00","dateModified":"2024-02-26T16:35:18+00:00","description":"Gioved\u00ec 15 febbraio al Campus di Forl\u00ec, l'Universit\u00e0 di Bologna ha organizzato un Welcome Day per accogliere gli studenti internazionali.","breadcrumb":{"@id":"http:\/\/www.mmpwebtv.eu\/index.php\/portfolio-item\/welcome-day-erasmus\/#breadcrumb"},"inLanguage":"it-IT","potentialAction":[{"@type":"ReadAction","target":["http:\/\/www.mmpwebtv.eu\/index.php\/portfolio-item\/welcome-day-erasmus\/"]}]},{"@type":"BreadcrumbList","@id":"http:\/\/www.mmpwebtv.eu\/index.php\/portfolio-item\/welcome-day-erasmus\/#breadcrumb","itemListElement":[{"@type":"ListItem","position":1,"name":"Home","item":"https:\/\/www.mmpwebtv.eu\/"},{"@type":"ListItem","position":2,"name":"Welcome Day Erasmus"}]}]}},"_links":{"self":[{"href":"http:\/\/www.mmpwebtv.eu\/index.php\/wp-json\/wp\/v2\/portfolio\/4142"}],"collection":[{"href":"http:\/\/www.mmpwebtv.eu\/index.php\/wp-json\/wp\/v2\/portfolio"}],"about":[{"href":"http:\/\/www.mmpwebtv.eu\/index.php\/wp-json\/wp\/v2\/types\/portfolio"}],"version-history":[{"count":1,"href":"http:\/\/www.mmpwebtv.eu\/index.php\/wp-json\/wp\/v2\/portfolio\/4142\/revisions"}],"predecessor-version":[{"id":4144,"href":"http:\/\/www.mmpwebtv.eu\/index.php\/wp-json\/wp\/v2\/portfolio\/4142\/revisions\/4144"}],"wp:featuredmedia":[{"embeddable":true,"href":"http:\/\/www.mmpwebtv.eu\/index.php\/wp-json\/wp\/v2\/media\/4143"}],"wp:attachment":[{"href":"http:\/\/www.mmpwebtv.eu\/index.php\/wp-json\/wp\/v2\/media?parent=4142"}],"wp:term":[{"taxonomy":"portfolio_category","embeddable":true,"href":"http:\/\/www.mmpwebtv.eu\/index.php\/wp-json\/wp\/v2\/portfolio_category?post=4142"},{"taxonomy":"portfolio_tag","embeddable":true,"href":"http:\/\/www.mmpwebtv.eu\/index.php\/wp-json\/wp\/v2\/portfolio_tag?post=4142"}],"curies":[{"name":"wp","href":"https:\/\/api.w.org\/{rel}","templated":true}]}}

<!-- This site is optimized with the Yoast SEO plugin v17.9 - https://yoast.com/wordpress/plugins/seo/ -->
<title>Welcome Day Erasmus &bull; TG Campus &bull; MMP Web TV</title>
<meta name="description" content="Giovedì 15 febbraio al Campus di Forlì, l&#039;Università di Bologna ha organizzato un Welcome Day per accogliere gli studenti internazionali." />
<meta name="robots" content="index, follow, max-snippet:-1, max-image-preview:large, max-video-preview:-1" />
<link rel="canonical" href="http://www.mmpwebtv.eu/index.php/portfolio-item/welcome-day-erasmus/" />
<meta property="og:locale" content="it_IT" />
<meta property="og:type" content="article" />
<meta property="og:title" content="Welcome Day Erasmus &bull; TG Campus &bull; MMP Web TV" />
<meta property="og:description" content="Giovedì 15 febbraio al Campus di Forlì, l&#039;Università di Bologna ha organizzato un Welcome Day per accogliere gli studenti internazionali." />
<meta property="og:url" content="http://www.mmpwebtv.eu/index.php/portfolio-item/welcome-day-erasmus/" />
<meta property="og:site_name" content="MMP Web TV" />
<meta property="article:publisher" content="https://www.facebook.com/mmpwebtv/" />
<meta property="article:modified_time" content="2024-02-26T16:35:18+00:00" />
<meta property="og:image" content="http://www.mmpwebtv.eu/wp-content/uploads/2024/02/FB-e-sito-TGC-Erasmus-scaled.jpeg" />
	<meta property="og:image:width" content="2560" />
	<meta property="og:image:height" content="1502" />
	<meta property="og:image:type" content="image/jpeg" />
<meta name="twitter:card" content="summary_large_image" />
<script type="application/ld+json" class="yoast-schema-graph">{"@context":"https://schema.org","@graph":[{"@type":"Organization","@id":"https://www.mmpwebtv.eu/#organization","name":"MMP WebTV","url":"https://www.mmpwebtv.eu/","sameAs":["https://www.facebook.com/mmpwebtv/","https://www.instagram.com/mmpwebtv/"],"logo":{"@type":"ImageObject","@id":"https://www.mmpwebtv.eu/#logo","inLanguage":"it-IT","url":"https://www.mmpwebtv.eu/wp-content/uploads/2017/04/Logo-MMP-WebTv-02.png","contentUrl":"https://www.mmpwebtv.eu/wp-content/uploads/2017/04/Logo-MMP-WebTv-02.png","width":8000,"height":4500,"caption":"MMP WebTV"},"image":{"@id":"https://www.mmpwebtv.eu/#logo"}},{"@type":"WebSite","@id":"https://www.mmpwebtv.eu/#website","url":"https://www.mmpwebtv.eu/","name":"MMP Web TV","description":"La Web TV del Campus di Forl\u00ec","publisher":{"@id":"https://www.mmpwebtv.eu/#organization"},"potentialAction":[{"@type":"SearchAction","target":{"@type":"EntryPoint","urlTemplate":"https://www.mmpwebtv.eu/?s={search_term_string}"},"query-input":"required name=search_term_string"}],"inLanguage":"it-IT"},{"@type":"ImageObject","@id":"http://www.mmpwebtv.eu/index.php/portfolio-item/welcome-day-erasmus/#primaryimage","inLanguage":"it-IT","url":"http://www.mmpwebtv.eu/wp-content/uploads/2024/02/FB-e-sito-TGC-Erasmus-scaled.jpeg","contentUrl":"http://www.mmpwebtv.eu/wp-content/uploads/2024/02/FB-e-sito-TGC-Erasmus-scaled.jpeg","width":2560,"height":1502},{"@type":"WebPage","@id":"http://www.mmpwebtv.eu/index.php/portfolio-item/welcome-day-erasmus/#webpage","url":"http://www.mmpwebtv.eu/index.php/portfolio-item/welcome-day-erasmus/","name":"Welcome Day Erasmus &bull; TG Campus &bull; MMP Web TV","isPartOf":{"@id":"https://www.mmpwebtv.eu/#website"},"primaryImageOfPage":{"@id":"http://www.mmpwebtv.eu/index.php/portfolio-item/welcome-day-erasmus/#primaryimage"},"datePublished":"2024-02-26T16:34:48+00:00","dateModified":"2024-02-26T16:35:18+00:00","description":"Gioved\u00ec 15 febbraio al Campus di Forl\u00ec, l'Universit\u00e0 di Bologna ha organizzato un Welcome Day per accogliere gli studenti internazionali.","breadcrumb":{"@id":"http://www.mmpwebtv.eu/index.php/portfolio-item/welcome-day-erasmus/#breadcrumb"},"inLanguage":"it-IT","potentialAction":[{"@type":"ReadAction","target":["http://www.mmpwebtv.eu/index.php/portfolio-item/welcome-day-erasmus/"]}]},{"@type":"BreadcrumbList","@id":"http://www.mmpwebtv.eu/index.php/portfolio-item/welcome-day-erasmus/#breadcrumb","itemListElement":[{"@type":"ListItem","position":1,"name":"Home","item":"https://www.mmpwebtv.eu/"},{"@type":"ListItem","position":2,"name":"Welcome Day Erasmus"}]}]}</script>
<!-- / Yoast SEO plugin. -->

Giovedì 15 febbraio al Campus di Forlì, l'Università di Bologna ha organizzato un Welcome Day per accogliere gli studenti internazionali.

La Web TV del Campus di Forlì
