{"id":4231,"date":"2025-01-27T17:41:40","date_gmt":"2025-01-27T16:41:40","guid":{"rendered":"https:\/\/www.mmpwebtv.eu\/?post_type=portfolio&#038;p=4231"},"modified":"2025-01-27T17:41:40","modified_gmt":"2025-01-27T16:41:40","slug":"pillole-di-forli-residenza-sassi-masini","status":"publish","type":"portfolio","link":"http:\/\/www.mmpwebtv.eu\/index.php\/portfolio-item\/pillole-di-forli-residenza-sassi-masini\/","title":{"rendered":"Pillole di Forl\u00ec &#8211; Residenza Sassi Masini"},"content":{"rendered":"","protected":false},"featured_media":4232,"template":"","portfolio_category":[2623,1214],"portfolio_tag":[1099,2555,1116,2717,2624,2715,2716,1684],"yoast_head":"<!-- This site is optimized with the Yoast SEO plugin v17.9 - https:\/\/yoast.com\/wordpress\/plugins\/seo\/ -->\n<title>Pillole di Forl\u00ec - Residenza Sassi Masini &bull; MMP Web TV<\/title>\n<meta name=\"description\" content=\"Oggi, l&#039;ultima puntata delle Pillole di Forl\u00ec vi racconta la storia della Residenza Sassi-Masini a Forl\u00ec, la conoscevate?\" \/>\n<meta name=\"robots\" content=\"index, follow, max-snippet:-1, max-image-preview:large, max-video-preview:-1\" \/>\n<link rel=\"canonical\" href=\"https:\/\/www.mmpwebtv.eu\/index.php\/portfolio-item\/pillole-di-forli-residenza-sassi-masini\/\" \/>\n<meta property=\"og:locale\" content=\"it_IT\" \/>\n<meta property=\"og:type\" content=\"article\" \/>\n<meta property=\"og:title\" content=\"Pillole di Forl\u00ec - Residenza Sassi Masini &bull; MMP Web TV\" \/>\n<meta property=\"og:description\" content=\"Oggi, l&#039;ultima puntata delle Pillole di Forl\u00ec vi racconta la storia della Residenza Sassi-Masini a Forl\u00ec, la conoscevate?\" \/>\n<meta property=\"og:url\" content=\"https:\/\/www.mmpwebtv.eu\/index.php\/portfolio-item\/pillole-di-forli-residenza-sassi-masini\/\" \/>\n<meta property=\"og:site_name\" content=\"MMP Web TV\" \/>\n<meta property=\"article:publisher\" content=\"https:\/\/www.facebook.com\/mmpwebtv\/\" \/>\n<meta property=\"og:image\" content=\"https:\/\/www.mmpwebtv.eu\/wp-content\/uploads\/2025\/01\/453611596_897854645507104_669328036724430905_n.jpg\" \/>\n\t<meta property=\"og:image:width\" content=\"1920\" \/>\n\t<meta property=\"og:image:height\" content=\"1080\" \/>\n\t<meta property=\"og:image:type\" content=\"image\/jpeg\" \/>\n<meta name=\"twitter:card\" content=\"summary_large_image\" \/>\n<script type=\"application\/ld+json\" class=\"yoast-schema-graph\">{\"@context\":\"https:\/\/schema.org\",\"@graph\":[{\"@type\":\"Organization\",\"@id\":\"https:\/\/www.mmpwebtv.eu\/#organization\",\"name\":\"MMP WebTV\",\"url\":\"https:\/\/www.mmpwebtv.eu\/\",\"sameAs\":[\"https:\/\/www.facebook.com\/mmpwebtv\/\",\"https:\/\/www.instagram.com\/mmpwebtv\/\"],\"logo\":{\"@type\":\"ImageObject\",\"@id\":\"https:\/\/www.mmpwebtv.eu\/#logo\",\"inLanguage\":\"it-IT\",\"url\":\"https:\/\/www.mmpwebtv.eu\/wp-content\/uploads\/2017\/04\/Logo-MMP-WebTv-02.png\",\"contentUrl\":\"https:\/\/www.mmpwebtv.eu\/wp-content\/uploads\/2017\/04\/Logo-MMP-WebTv-02.png\",\"width\":8000,\"height\":4500,\"caption\":\"MMP WebTV\"},\"image\":{\"@id\":\"https:\/\/www.mmpwebtv.eu\/#logo\"}},{\"@type\":\"WebSite\",\"@id\":\"https:\/\/www.mmpwebtv.eu\/#website\",\"url\":\"https:\/\/www.mmpwebtv.eu\/\",\"name\":\"MMP Web TV\",\"description\":\"La Web TV del Campus di Forl\\u00ec\",\"publisher\":{\"@id\":\"https:\/\/www.mmpwebtv.eu\/#organization\"},\"potentialAction\":[{\"@type\":\"SearchAction\",\"target\":{\"@type\":\"EntryPoint\",\"urlTemplate\":\"https:\/\/www.mmpwebtv.eu\/?s={search_term_string}\"},\"query-input\":\"required name=search_term_string\"}],\"inLanguage\":\"it-IT\"},{\"@type\":\"ImageObject\",\"@id\":\"https:\/\/www.mmpwebtv.eu\/index.php\/portfolio-item\/pillole-di-forli-residenza-sassi-masini\/#primaryimage\",\"inLanguage\":\"it-IT\",\"url\":\"http:\/\/www.mmpwebtv.eu\/wp-content\/uploads\/2025\/01\/453611596_897854645507104_669328036724430905_n.jpg\",\"contentUrl\":\"http:\/\/www.mmpwebtv.eu\/wp-content\/uploads\/2025\/01\/453611596_897854645507104_669328036724430905_n.jpg\",\"width\":1920,\"height\":1080},{\"@type\":\"WebPage\",\"@id\":\"https:\/\/www.mmpwebtv.eu\/index.php\/portfolio-item\/pillole-di-forli-residenza-sassi-masini\/#webpage\",\"url\":\"https:\/\/www.mmpwebtv.eu\/index.php\/portfolio-item\/pillole-di-forli-residenza-sassi-masini\/\",\"name\":\"Pillole di Forl\\u00ec - Residenza Sassi Masini &bull; MMP Web TV\",\"isPartOf\":{\"@id\":\"https:\/\/www.mmpwebtv.eu\/#website\"},\"primaryImageOfPage\":{\"@id\":\"https:\/\/www.mmpwebtv.eu\/index.php\/portfolio-item\/pillole-di-forli-residenza-sassi-masini\/#primaryimage\"},\"datePublished\":\"2025-01-27T16:41:40+00:00\",\"dateModified\":\"2025-01-27T16:41:40+00:00\",\"description\":\"Oggi, l'ultima puntata delle Pillole di Forl\\u00ec vi racconta la storia della Residenza Sassi-Masini a Forl\\u00ec, la conoscevate?\",\"breadcrumb\":{\"@id\":\"https:\/\/www.mmpwebtv.eu\/index.php\/portfolio-item\/pillole-di-forli-residenza-sassi-masini\/#breadcrumb\"},\"inLanguage\":\"it-IT\",\"potentialAction\":[{\"@type\":\"ReadAction\",\"target\":[\"https:\/\/www.mmpwebtv.eu\/index.php\/portfolio-item\/pillole-di-forli-residenza-sassi-masini\/\"]}]},{\"@type\":\"BreadcrumbList\",\"@id\":\"https:\/\/www.mmpwebtv.eu\/index.php\/portfolio-item\/pillole-di-forli-residenza-sassi-masini\/#breadcrumb\",\"itemListElement\":[{\"@type\":\"ListItem\",\"position\":1,\"name\":\"Home\",\"item\":\"https:\/\/www.mmpwebtv.eu\/\"},{\"@type\":\"ListItem\",\"position\":2,\"name\":\"Pillole di Forl\\u00ec &#8211; Residenza Sassi Masini\"}]}]}<\/script>\n<!-- \/ Yoast SEO plugin. -->","yoast_head_json":{"title":"Pillole di Forl\u00ec - Residenza Sassi Masini &bull; MMP Web TV","description":"Oggi, l'ultima puntata delle Pillole di Forl\u00ec vi racconta la storia della Residenza Sassi-Masini a Forl\u00ec, la conoscevate?","robots":{"index":"index","follow":"follow","max-snippet":"max-snippet:-1","max-image-preview":"max-image-preview:large","max-video-preview":"max-video-preview:-1"},"canonical":"https:\/\/www.mmpwebtv.eu\/index.php\/portfolio-item\/pillole-di-forli-residenza-sassi-masini\/","og_locale":"it_IT","og_type":"article","og_title":"Pillole di Forl\u00ec - Residenza Sassi Masini &bull; MMP Web TV","og_description":"Oggi, l'ultima puntata delle Pillole di Forl\u00ec vi racconta la storia della Residenza Sassi-Masini a Forl\u00ec, la conoscevate?","og_url":"https:\/\/www.mmpwebtv.eu\/index.php\/portfolio-item\/pillole-di-forli-residenza-sassi-masini\/","og_site_name":"MMP Web TV","article_publisher":"https:\/\/www.facebook.com\/mmpwebtv\/","og_image":[{"width":1920,"height":1080,"url":"https:\/\/www.mmpwebtv.eu\/wp-content\/uploads\/2025\/01\/453611596_897854645507104_669328036724430905_n.jpg","type":"image\/jpeg"}],"twitter_card":"summary_large_image","schema":{"@context":"https:\/\/schema.org","@graph":[{"@type":"Organization","@id":"https:\/\/www.mmpwebtv.eu\/#organization","name":"MMP WebTV","url":"https:\/\/www.mmpwebtv.eu\/","sameAs":["https:\/\/www.facebook.com\/mmpwebtv\/","https:\/\/www.instagram.com\/mmpwebtv\/"],"logo":{"@type":"ImageObject","@id":"https:\/\/www.mmpwebtv.eu\/#logo","inLanguage":"it-IT","url":"https:\/\/www.mmpwebtv.eu\/wp-content\/uploads\/2017\/04\/Logo-MMP-WebTv-02.png","contentUrl":"https:\/\/www.mmpwebtv.eu\/wp-content\/uploads\/2017\/04\/Logo-MMP-WebTv-02.png","width":8000,"height":4500,"caption":"MMP WebTV"},"image":{"@id":"https:\/\/www.mmpwebtv.eu\/#logo"}},{"@type":"WebSite","@id":"https:\/\/www.mmpwebtv.eu\/#website","url":"https:\/\/www.mmpwebtv.eu\/","name":"MMP Web TV","description":"La Web TV del Campus di Forl\u00ec","publisher":{"@id":"https:\/\/www.mmpwebtv.eu\/#organization"},"potentialAction":[{"@type":"SearchAction","target":{"@type":"EntryPoint","urlTemplate":"https:\/\/www.mmpwebtv.eu\/?s={search_term_string}"},"query-input":"required name=search_term_string"}],"inLanguage":"it-IT"},{"@type":"ImageObject","@id":"https:\/\/www.mmpwebtv.eu\/index.php\/portfolio-item\/pillole-di-forli-residenza-sassi-masini\/#primaryimage","inLanguage":"it-IT","url":"http:\/\/www.mmpwebtv.eu\/wp-content\/uploads\/2025\/01\/453611596_897854645507104_669328036724430905_n.jpg","contentUrl":"http:\/\/www.mmpwebtv.eu\/wp-content\/uploads\/2025\/01\/453611596_897854645507104_669328036724430905_n.jpg","width":1920,"height":1080},{"@type":"WebPage","@id":"https:\/\/www.mmpwebtv.eu\/index.php\/portfolio-item\/pillole-di-forli-residenza-sassi-masini\/#webpage","url":"https:\/\/www.mmpwebtv.eu\/index.php\/portfolio-item\/pillole-di-forli-residenza-sassi-masini\/","name":"Pillole di Forl\u00ec - Residenza Sassi Masini &bull; MMP Web TV","isPartOf":{"@id":"https:\/\/www.mmpwebtv.eu\/#website"},"primaryImageOfPage":{"@id":"https:\/\/www.mmpwebtv.eu\/index.php\/portfolio-item\/pillole-di-forli-residenza-sassi-masini\/#primaryimage"},"datePublished":"2025-01-27T16:41:40+00:00","dateModified":"2025-01-27T16:41:40+00:00","description":"Oggi, l'ultima puntata delle Pillole di Forl\u00ec vi racconta la storia della Residenza Sassi-Masini a Forl\u00ec, la conoscevate?","breadcrumb":{"@id":"https:\/\/www.mmpwebtv.eu\/index.php\/portfolio-item\/pillole-di-forli-residenza-sassi-masini\/#breadcrumb"},"inLanguage":"it-IT","potentialAction":[{"@type":"ReadAction","target":["https:\/\/www.mmpwebtv.eu\/index.php\/portfolio-item\/pillole-di-forli-residenza-sassi-masini\/"]}]},{"@type":"BreadcrumbList","@id":"https:\/\/www.mmpwebtv.eu\/index.php\/portfolio-item\/pillole-di-forli-residenza-sassi-masini\/#breadcrumb","itemListElement":[{"@type":"ListItem","position":1,"name":"Home","item":"https:\/\/www.mmpwebtv.eu\/"},{"@type":"ListItem","position":2,"name":"Pillole di Forl\u00ec &#8211; Residenza Sassi Masini"}]}]}},"_links":{"self":[{"href":"http:\/\/www.mmpwebtv.eu\/index.php\/wp-json\/wp\/v2\/portfolio\/4231"}],"collection":[{"href":"http:\/\/www.mmpwebtv.eu\/index.php\/wp-json\/wp\/v2\/portfolio"}],"about":[{"href":"http:\/\/www.mmpwebtv.eu\/index.php\/wp-json\/wp\/v2\/types\/portfolio"}],"version-history":[{"count":1,"href":"http:\/\/www.mmpwebtv.eu\/index.php\/wp-json\/wp\/v2\/portfolio\/4231\/revisions"}],"predecessor-version":[{"id":4233,"href":"http:\/\/www.mmpwebtv.eu\/index.php\/wp-json\/wp\/v2\/portfolio\/4231\/revisions\/4233"}],"wp:featuredmedia":[{"embeddable":true,"href":"http:\/\/www.mmpwebtv.eu\/index.php\/wp-json\/wp\/v2\/media\/4232"}],"wp:attachment":[{"href":"http:\/\/www.mmpwebtv.eu\/index.php\/wp-json\/wp\/v2\/media?parent=4231"}],"wp:term":[{"taxonomy":"portfolio_category","embeddable":true,"href":"http:\/\/www.mmpwebtv.eu\/index.php\/wp-json\/wp\/v2\/portfolio_category?post=4231"},{"taxonomy":"portfolio_tag","embeddable":true,"href":"http:\/\/www.mmpwebtv.eu\/index.php\/wp-json\/wp\/v2\/portfolio_tag?post=4231"}],"curies":[{"name":"wp","href":"https:\/\/api.w.org\/{rel}","templated":true}]}}

Pillole di Forlì &#8211; Residenza Sassi Masini

<!-- This site is optimized with the Yoast SEO plugin v17.9 - https://yoast.com/wordpress/plugins/seo/ -->
<title>Pillole di Forlì - Residenza Sassi Masini &bull; MMP Web TV</title>
<meta name="description" content="Oggi, l&#039;ultima puntata delle Pillole di Forlì vi racconta la storia della Residenza Sassi-Masini a Forlì, la conoscevate?" />
<meta name="robots" content="index, follow, max-snippet:-1, max-image-preview:large, max-video-preview:-1" />
<link rel="canonical" href="https://www.mmpwebtv.eu/index.php/portfolio-item/pillole-di-forli-residenza-sassi-masini/" />
<meta property="og:locale" content="it_IT" />
<meta property="og:type" content="article" />
<meta property="og:title" content="Pillole di Forlì - Residenza Sassi Masini &bull; MMP Web TV" />
<meta property="og:description" content="Oggi, l&#039;ultima puntata delle Pillole di Forlì vi racconta la storia della Residenza Sassi-Masini a Forlì, la conoscevate?" />
<meta property="og:url" content="https://www.mmpwebtv.eu/index.php/portfolio-item/pillole-di-forli-residenza-sassi-masini/" />
<meta property="og:site_name" content="MMP Web TV" />
<meta property="article:publisher" content="https://www.facebook.com/mmpwebtv/" />
<meta property="og:image" content="https://www.mmpwebtv.eu/wp-content/uploads/2025/01/453611596_897854645507104_669328036724430905_n.jpg" />
	<meta property="og:image:width" content="1920" />
	<meta property="og:image:height" content="1080" />
	<meta property="og:image:type" content="image/jpeg" />
<meta name="twitter:card" content="summary_large_image" />
<script type="application/ld+json" class="yoast-schema-graph">{"@context":"https://schema.org","@graph":[{"@type":"Organization","@id":"https://www.mmpwebtv.eu/#organization","name":"MMP WebTV","url":"https://www.mmpwebtv.eu/","sameAs":["https://www.facebook.com/mmpwebtv/","https://www.instagram.com/mmpwebtv/"],"logo":{"@type":"ImageObject","@id":"https://www.mmpwebtv.eu/#logo","inLanguage":"it-IT","url":"https://www.mmpwebtv.eu/wp-content/uploads/2017/04/Logo-MMP-WebTv-02.png","contentUrl":"https://www.mmpwebtv.eu/wp-content/uploads/2017/04/Logo-MMP-WebTv-02.png","width":8000,"height":4500,"caption":"MMP WebTV"},"image":{"@id":"https://www.mmpwebtv.eu/#logo"}},{"@type":"WebSite","@id":"https://www.mmpwebtv.eu/#website","url":"https://www.mmpwebtv.eu/","name":"MMP Web TV","description":"La Web TV del Campus di Forl\u00ec","publisher":{"@id":"https://www.mmpwebtv.eu/#organization"},"potentialAction":[{"@type":"SearchAction","target":{"@type":"EntryPoint","urlTemplate":"https://www.mmpwebtv.eu/?s={search_term_string}"},"query-input":"required name=search_term_string"}],"inLanguage":"it-IT"},{"@type":"ImageObject","@id":"https://www.mmpwebtv.eu/index.php/portfolio-item/pillole-di-forli-residenza-sassi-masini/#primaryimage","inLanguage":"it-IT","url":"http://www.mmpwebtv.eu/wp-content/uploads/2025/01/453611596_897854645507104_669328036724430905_n.jpg","contentUrl":"http://www.mmpwebtv.eu/wp-content/uploads/2025/01/453611596_897854645507104_669328036724430905_n.jpg","width":1920,"height":1080},{"@type":"WebPage","@id":"https://www.mmpwebtv.eu/index.php/portfolio-item/pillole-di-forli-residenza-sassi-masini/#webpage","url":"https://www.mmpwebtv.eu/index.php/portfolio-item/pillole-di-forli-residenza-sassi-masini/","name":"Pillole di Forl\u00ec - Residenza Sassi Masini &bull; MMP Web TV","isPartOf":{"@id":"https://www.mmpwebtv.eu/#website"},"primaryImageOfPage":{"@id":"https://www.mmpwebtv.eu/index.php/portfolio-item/pillole-di-forli-residenza-sassi-masini/#primaryimage"},"datePublished":"2025-01-27T16:41:40+00:00","dateModified":"2025-01-27T16:41:40+00:00","description":"Oggi, l'ultima puntata delle Pillole di Forl\u00ec vi racconta la storia della Residenza Sassi-Masini a Forl\u00ec, la conoscevate?","breadcrumb":{"@id":"https://www.mmpwebtv.eu/index.php/portfolio-item/pillole-di-forli-residenza-sassi-masini/#breadcrumb"},"inLanguage":"it-IT","potentialAction":[{"@type":"ReadAction","target":["https://www.mmpwebtv.eu/index.php/portfolio-item/pillole-di-forli-residenza-sassi-masini/"]}]},{"@type":"BreadcrumbList","@id":"https://www.mmpwebtv.eu/index.php/portfolio-item/pillole-di-forli-residenza-sassi-masini/#breadcrumb","itemListElement":[{"@type":"ListItem","position":1,"name":"Home","item":"https://www.mmpwebtv.eu/"},{"@type":"ListItem","position":2,"name":"Pillole di Forl\u00ec &#8211; Residenza Sassi Masini"}]}]}</script>
<!-- / Yoast SEO plugin. -->

Pillole di Forlì - Residenza Sassi Masini &bull; MMP Web TV

Oggi, l'ultima puntata delle Pillole di Forlì vi racconta la storia della Residenza Sassi-Masini a Forlì, la conoscevate?

La Web TV del Campus di Forlì
